2) to base 13
-731ba
Convert -1323020100 (base 4) to base 14.
-d1b20
Convert 1144b0 (base 12) to base 13.
99222
211404021 (base 5) to base 7
10355645
What is 20330201 (base 4) in base 16?
8f21
Convert 4575735 (base 10) to base 6.
242023543
What is 1562246 (base 7) in base 12?
a5638
What is -8ae80 (base 15) in base 13?
-126267
What is 33463 (base 10) in base 8?
101267
Convert 2117234 (base 10) to base 16.
204e72
What is 1999219 (base 11) in base 12?
1163432
What is 9a671 (base 11) in base 12?
7050b
-242645542 (base 7) to base 6
-1301102244
-2214123134 (base 5) to base 7
-56036100
Convert 11011343 (base 6) to base 15.
673c9
Convert -1100118 (base 9) to base 10.
-590588
1d7ba (base 14) to base 10
75624
19097a (base 15) to base 5
302422030
What is 470840 (base 9) in base 8?
1050267
What is 143104402 (base 5) in base 15?
ed4d7
Convert -85837 (base 12) to base 16.
-2ae6b
-1404aa7 (base 11) to base 5
-1110004131
Convert 4462424 (base 7) to base 4.
2013002222
Convert 2a187 (base 13) to base 12.
39b24
75925 (base 10) to base 7
434233
What is -1b9b3a1 (base 14) in base 16?
-d2e931
What is 361349a (base 12) in base 7?
155025550
Convert -17140645 (base 8) to base 10.
-3981733
-4442020 (base 5) to base 9
-127600
-5a6935 (base 12) to base 14
-2a1361
Convert 19418 (base 14) to base 8.
174656
What is -552762 (base 8) in base 2?
-101101010111110010
What is 22076 (base 14) in base 8?
240770
What is 1201311012 (base 4) in base 16?
61d46
What is c5d60 (base 14) in base 8?
1644240
Convert -223332232 (base 4) to base 2.
-101011111110101110
What is -5626304 (base 9) in base 11?
-1789a07
-1177145 (base 8) to base 7
-2532065
What is 73282 (base 9) in base 3?
2110022202
Convert 1864384 (base 9) to base 16.
ff7a2
5500514 (base 7) to base 9
1234482
What is -100131233 (base 4) in base 5?
-4124224
What is 3407168 (base 11) in base 6?
331531251
-78fa (base 16) to base 15
-929a
Convert -15ba14 (base 14) to base 7.
-6322524
What is -4131400130 (base 5) in base 13?
-19a5390
28b048 (base 12) to base 5
133320431
Convert 244012500 (base 6) to base 9.
8703550
Convert -727202 (base 9) to base 7.
-3445460
-706032 (base 12) to base 7
-20615354
What is 33531540 (base 6) in base 9?
1828216
What is -12121001020 (base 3) in base 14?
-2c1b2
-33027034 (base 8) to base 9
-14305205
What is -14203425 (base 9) in base 13?
-15c16b5
What is 183b25 (base 12) in base 8?
1467215
Convert -16a9 (base 11) to base 12.
-1314
What is 10034303 (base 5) in base 2?
10011101011000010
Convert -527ea (base 15) to base 7.
-2136613
-60748 (base 11) to base 7
-516506
Convert -22110002122 (base 3) to base 6.
-3321455
Convert -16963 (base 13) to base 3.
-2012110101
What is 17343661 (base 8) in base 14?
775733
Convert 2110004024 (base 5) to base 7.
52122413
What is 21900a8 (base 12) in base 10?
6407552
Convert -665b3 (base 16) to base 4.
-1212112303
What is -10003033013 (base 4) in base 14?
-1d8d71
What is 1102132011 (base 4) in base 3?
122011101000
-ba6444 (base 12) to base 15
-3d5a8d
Convert 10011011111000111011100 (base 2) to base 13.
109b0c7
Convert -100000101100010110010101 (base 2) to base 4.
-200230112111
What is 111111001221212 (base 3) in base 13?
163b97a
Convert -3102300003 (base 4) to base 13.
-242bb9
-3258179 (base 11) to base 7
-66424564
Convert 111242430 (base 6) to base 9.
3730230
Convert 1000121122222 (base 3) to base 11.
341453
232513 (base 8) to base 12
399a3
What is 12264226 (base 7) in base 6?
35431131
What is -2643566 (base 7) in base 13?
-c1c85
What is -37b51a (base 12) in base 9?
-1638174
What is 2852b49 (base 12) in base 9?
16161783
Convert -2003040 (base 7) to base 6.
-5022123
-120222340 (base 5) to base 12
-229028
-b0df (base 16) to base 8
-130337
What is 440104132 (base 5) in base 11?
107351a
-323211 (base 6) to base 14
-99d5
What is 21c842 (base 16) in base 10?
2213954
What is d3e8a7 (base 15) in base 7?
151422136
Convert -313422242 (base 5) to base 2.
-101000000000011100011
Convert -523783 (base 14) to base 11.
-1626448
-5223614 (base 7) to base 13
-18cac4
1110210211112 (base 3) to base 9
1423745
Convert -101022102120 (base 3) to base 6.
-4203410
2011021121212 (base 3) to base 5
243202142
Convert -2511615 (base 7) to base 6.
-10524303
What is 60420354 (base 7) in base 9?
10381166
Convert -457252 (base 10) to base 7.
-3613045
What is -11828772 (base 9) in base 16?
-589934
303514012 (base 6) to base 5
2314013424
What is -40400551 (base 8) in base 16?
-820169
Convert -1bd46 (base 15) to base 14.
-250d7
Convert -9e5e5 (base 15) to base 5.
-112113330
Convert -76182 (base 9) to base 3.
-2120012202
-428a0 (base 12) to base 3
-11110021010
Convert 42ab1 (base 12) to base 8.
253645
Convert 111011111101100100 (base 2) to base 14.
65712
Convert -34231314 (base 6) to base 9.
-1864111
What is -15352316 (base 7) in base 12?
-5b1758
182e16 (base 16) to base 7
16320002
Convert -1412667 (base 8) to base 3.
-202021000110
-279a271 (base 12) to base 9
-15807484
15243250 (base 6) to base 3
1000011110210
What is 30423234 (base 5) in base 2?
111100101011111001
Convert -11342041 (base 5) to base 8.
-316650
What is -36d717 (base 16) in base 11?
-203525a
2201432 (base 6) to base 2
11010101010111100
What is 11212120202 (base 3) in base 15?
1d64e
-c411 (base 14) to base 16
-83bf
Convert -dfb55a (base 16) to base 15.
-1448ebe
Convert 8942 (base 12) to base 8.
35502
What is 10cc8 (base 16) in base 7?
404415
What is -233011232 (base 5) in base 16?
-103995
Convert 100201311010 (base 4) to base 6.
232511324
What is -13234414 (base 5) in base 7?
-1064616
What is 451141 (base 8) in base 13?
54349
4053231 (base 6) to base 13
6a300
210302311 (base 5) to base 6
30343305
What is -11224414 (base 5) in base 2?
-11000110111100011
Convert -4333212 (base 6) to base 8.
-643050
Convert 14761156 (base 8) to base 6.
200514050
Convert -2862174 (base 10) to base 4.
-22322301132
-450179 (base 13) to base 11
-a12364
What is -463612 (base 7) in base 2?
-10100010000010110
-25449a (base 12) to base 15
-c066a
What is -150a60 (base 14) in base 8?
-2625454
-122221010110 (base 3) to base 9
-587113
What is 896d70 (base 15) in base 11?
3777056
Convert 15302032 (base 6) to base 3.
1000021121202
-37675001 (base 8) to base 15
-b0053a
-65a987 (base 12) to base 6
-54342251
2556864 (base 10) to base 7
30506262
What is 492525 (base 10) in base 6?
14320113
What is -52040256 (base 7) in base 12?
-15648b0
220001221211 (base 3) to base 15
955cd
181551 (base 12) to base 7
3355261
Convert 10000011100000111 (base 2) to base 16.
10707
Convert 3015343 (base 7) to base 4.
1113031321
What is 110101110110100100111000 (base 2) in base 4?
311312210320
-60148a6 (base 12) to base 9
-36680610
Convert 47012111 (base 8) to base 9.
21220253
Convert -28658a2 (base 11) to base 12.
-1797407
29c1 (base 16) to base 7
43110
What is 31207341 (base 8) in base 13?
14ab704
541245 (base 9) to base 14
85701
Convert -e68c (base 15) to base 6.
-1013340
Convert 403314 (base 5) to base 3.
122202222
Convert -1122334310 (base 5) to base 12.
-a27834
-1212010212 (base 4) to base 6
-12543330
What is 25505540 (base 6) in base 11?
51a0a0
Convert 36220041 (base 7) to base 12.
10b0620
Convert 11001111011000110010101 (base 2) to base 13.
153c20a
-2322434124 (base 5) to base 10
-5280539
20210212 (base 4) to base 8
104446
Convert 8a948c (base 15) to base 4.
121032122301
Convert 1680176 (base 9) to base 12.
393059
Convert -11323332 (base 5) to base 10.
-104842
Convert 131843 (base 9) to base 4.
103210110
What is -563207 (base 8) in base 11?
-11a8a7
Convert 3222342 (base 7) to base 16.
5fc22
-123132121 (base 4) to base 13
-3c2b9
Convert -2553132 (base 8) to base 5.
-140211414
What is 50241430 (base 6) in base 3?
2200011222000
43a527 (base 12) to base 6
35015251
What is -1938081 (base 10) in base 15?
-2843a6
Convert -32826b (base 16) to base 5.
-1321411222
Convert -1de1b (base 15) to base 11.
-67427
10111110000001001 (base 2) to base 3
11221110022
1151132 (base 10) to base 4
10121002130
-1833a7 (base 13) to base 6
-21002132
Convert -1271606 (base 10) to base 9.
-2347275
-3103032 (base 6) to base 10
-148412
What is 2392314 (base 10) in base 5?
1103023224
What is -40e036 (base 16) in base 10?
-4251702
What is -200423 (base 8) in base 11?
-45499
717ab (base 12) to base 15
2dcce
-442204300 (base 5) to ba